{"id":39,"date":"2023-06-06T10:53:37","date_gmt":"2023-06-06T08:53:37","guid":{"rendered":"http:\/\/www.jackie-stayfit.pl\/?post_type=product&#038;p=39"},"modified":"2023-11-22T12:34:17","modified_gmt":"2023-11-22T11:34:17","slug":"skakanka-2","status":"publish","type":"product","link":"https:\/\/www.jackie-stayfit.pl\/index.php\/produkt\/skakanka-2\/","title":{"rendered":"Skakanka"},"content":{"rendered":"<p>Ka\u017cdy z nas wie czym jest skakanka, ale nie ka\u017cdy zdaje sobie spraw\u0119, jak stosowanie jej jest dobrym \u0107wiczeniem dla budowania odpowiedniej koordynacji cia\u0142a, mobilno\u015bci i spr\u0119\u017cysto\u015bci. Na skakankach \u0107wicz\u0105 atleci, adepci sztuk walki, jak i zawodnicy fitnessu. Stosuj\u0105 je zar\u00f3wno profesjonali\u015bci, jak i amatorzy. Skakanka firmy\u00a0JACKIE na pewno spe\u0142ni Pa\u0144stwa wymagania. Dzi\u0119ki odpowiednio doci\u0105\u017conym r\u0105czkom o wadze 320 g bardzo dobrze czu\u0107 uchwyt i lepiej kontroluje si\u0119 sam ruch.\u00a0D\u0142ugo\u015b\u0107 linki mo\u017cna odpowiednio dostosowa\u0107 do wzrostu i potrzeb. W \u015brodku znajduj\u0105 si\u0119 \u0142o\u017cyska kulkowe zapewniaj\u0105ce p\u0142ynn\u0105 prac\u0119.<\/p>\n<ul>\n<li>D\u0142ugo\u015b\u0107 linki: 275 cm<\/li>\n<li>Grubo\u015b\u0107 linki: 0,45 cm<\/li>\n<li>Waga skakanki: 320 g<\/li>\n<\/ul>\n<p>&nbsp;<\/p>\n<ul>\n<li>wygodne, mi\u0119kkie, ergonomiczne uchwyty z wewn\u0119trznymi obci\u0105\u017cnikami<\/li>\n<li>stalowa linka zabezpieczona materia\u0142em pcv<\/li>\n<li>\u0142o\u017cyska kulkowe zapewniaj\u0105ce p\u0142ynn\u0105 prac\u0119<\/li>\n<\/ul>\n","protected":false},"excerpt":{"rendered":"<p>Ka\u017cdy z nas wie czym jest skakanka, ale nie ka\u017cdy zdaje sobie spraw\u0119, jak stosowanie jej jest dobrym \u0107wiczeniem dla budowania odpowiedniej koordynacji cia\u0142a, mobilno\u015bci i spr\u0119\u017cysto\u015bci. Na skakankach \u0107wicz\u0105 atleci, adepci sztuk walki, jak i zawodnicy fitnessu. Stosuj\u0105 je zar\u00f3wno profesjonali\u015bci, jak i amatorzy. Skakanka firmy\u00a0JACKIE na pewno spe\u0142ni Pa\u0144stwa wymagania. Dzi\u0119ki odpowiednio doci\u0105\u017conym [&hellip;]<\/p>\n","protected":false},"featured_media":40,"comment_status":"open","ping_status":"closed","template":"","meta":[],"product_cat":[20],"product_tag":[],"class_list":{"0":"post-39","1":"product","2":"type-product","3":"status-publish","4":"has-post-thumbnail","6":"product_cat-skakanki","8":"first","9":"instock","10":"shipping-taxable","11":"purchasable","12":"product-type-simple"},"yoast_head":"<!-- This site is optimized with the Yoast SEO plugin v24.0 - https:\/\/yoast.com\/wordpress\/plugins\/seo\/ -->\n<title>Skakanka - Jakie Stayfit<\/title>\n<meta name=\"description\" content=\"Skakanka JACKIE na pewno spe\u0142ni Pa\u0144stwa wymagania. Dzi\u0119ki odpowiednio doci\u0105\u017conym r\u0105czkom o wadze 320 g bardzo dobrze czu\u0107 uchwyt.\" \/>\n<meta name=\"robots\" content=\"index, follow, max-snippet:-1, max-image-preview:large, max-video-preview:-1\" \/>\n<link rel=\"canonical\" href=\"https:\/\/www.jackie-stayfit.pl\/index.php\/produkt\/skakanka-2\/\" \/>\n<meta property=\"og:locale\" content=\"pl_PL\" \/>\n<meta property=\"og:type\" content=\"article\" \/>\n<meta property=\"og:title\" content=\"Skakanka - Jakie Stayfit\" \/>\n<meta property=\"og:description\" content=\"Skakanka JACKIE na pewno spe\u0142ni Pa\u0144stwa wymagania. Dzi\u0119ki odpowiednio doci\u0105\u017conym r\u0105czkom o wadze 320 g bardzo dobrze czu\u0107 uchwyt.\" \/>\n<meta property=\"og:url\" content=\"https:\/\/www.jackie-stayfit.pl\/index.php\/produkt\/skakanka-2\/\" \/>\n<meta property=\"og:site_name\" content=\"Jakie Stayfit\" \/>\n<meta property=\"article:modified_time\" content=\"2023-11-22T11:34:17+00:00\" \/>\n<meta property=\"og:image\" content=\"https:\/\/www.jackie-stayfit.pl\/wp-content\/uploads\/2023\/06\/Jackiestayfit-Skakanka.jpg\" \/>\n\t<meta property=\"og:image:width\" content=\"1000\" \/>\n\t<meta property=\"og:image:height\" content=\"1000\" \/>\n\t<meta property=\"og:image:type\" content=\"image\/jpeg\" \/>\n<meta name=\"twitter:card\" content=\"summary_large_image\" \/>\n<meta name=\"twitter:label1\" content=\"Szacowany czas czytania\" \/>\n\t<meta name=\"twitter:data1\" content=\"1 minuta\" \/>\n<script type=\"application\/ld+json\" class=\"yoast-schema-graph\">{\"@context\":\"https:\/\/schema.org\",\"@graph\":[{\"@type\":\"WebPage\",\"@id\":\"https:\/\/www.jackie-stayfit.pl\/index.php\/produkt\/skakanka-2\/\",\"url\":\"https:\/\/www.jackie-stayfit.pl\/index.php\/produkt\/skakanka-2\/\",\"name\":\"Skakanka - Jakie Stayfit\",\"isPartOf\":{\"@id\":\"https:\/\/www.jackie-stayfit.pl\/#website\"},\"primaryImageOfPage\":{\"@id\":\"https:\/\/www.jackie-stayfit.pl\/index.php\/produkt\/skakanka-2\/#primaryimage\"},\"image\":{\"@id\":\"https:\/\/www.jackie-stayfit.pl\/index.php\/produkt\/skakanka-2\/#primaryimage\"},\"thumbnailUrl\":\"https:\/\/www.jackie-stayfit.pl\/wp-content\/uploads\/2023\/06\/Jackiestayfit-Skakanka.jpg\",\"datePublished\":\"2023-06-06T08:53:37+00:00\",\"dateModified\":\"2023-11-22T11:34:17+00:00\",\"description\":\"Skakanka JACKIE na pewno spe\u0142ni Pa\u0144stwa wymagania. Dzi\u0119ki odpowiednio doci\u0105\u017conym r\u0105czkom o wadze 320 g bardzo dobrze czu\u0107 uchwyt.\",\"breadcrumb\":{\"@id\":\"https:\/\/www.jackie-stayfit.pl\/index.php\/produkt\/skakanka-2\/#breadcrumb\"},\"inLanguage\":\"pl-PL\",\"potentialAction\":[{\"@type\":\"ReadAction\",\"target\":[\"https:\/\/www.jackie-stayfit.pl\/index.php\/produkt\/skakanka-2\/\"]}]},{\"@type\":\"ImageObject\",\"inLanguage\":\"pl-PL\",\"@id\":\"https:\/\/www.jackie-stayfit.pl\/index.php\/produkt\/skakanka-2\/#primaryimage\",\"url\":\"https:\/\/www.jackie-stayfit.pl\/wp-content\/uploads\/2023\/06\/Jackiestayfit-Skakanka.jpg\",\"contentUrl\":\"https:\/\/www.jackie-stayfit.pl\/wp-content\/uploads\/2023\/06\/Jackiestayfit-Skakanka.jpg\",\"width\":1000,\"height\":1000},{\"@type\":\"BreadcrumbList\",\"@id\":\"https:\/\/www.jackie-stayfit.pl\/index.php\/produkt\/skakanka-2\/#breadcrumb\",\"itemListElement\":[{\"@type\":\"ListItem\",\"position\":1,\"name\":\"Strona g\u0142\u00f3wna\",\"item\":\"https:\/\/www.jackie-stayfit.pl\/index.php\/home-2\/\"},{\"@type\":\"ListItem\",\"position\":2,\"name\":\"Shop\",\"item\":\"https:\/\/www.jackie-stayfit.pl\/index.php\/shop\/\"},{\"@type\":\"ListItem\",\"position\":3,\"name\":\"Skakanka\"}]},{\"@type\":\"WebSite\",\"@id\":\"https:\/\/www.jackie-stayfit.pl\/#website\",\"url\":\"https:\/\/www.jackie-stayfit.pl\/\",\"name\":\"Jakie Stayfit\",\"description\":\"Asortyment dla aktywnych i trenuj\u0105cych os\u00f3b.\",\"potentialAction\":[{\"@type\":\"SearchAction\",\"target\":{\"@type\":\"EntryPoint\",\"urlTemplate\":\"https:\/\/www.jackie-stayfit.pl\/?s={search_term_string}\"},\"query-input\":{\"@type\":\"PropertyValueSpecification\",\"valueRequired\":true,\"valueName\":\"search_term_string\"}}],\"inLanguage\":\"pl-PL\"}]}<\/script>\n<!-- \/ Yoast SEO plugin. -->","yoast_head_json":{"title":"Skakanka - Jakie Stayfit","description":"Skakanka JACKIE na pewno spe\u0142ni Pa\u0144stwa wymagania. Dzi\u0119ki odpowiednio doci\u0105\u017conym r\u0105czkom o wadze 320 g bardzo dobrze czu\u0107 uchwyt.","robots":{"index":"index","follow":"follow","max-snippet":"max-snippet:-1","max-image-preview":"max-image-preview:large","max-video-preview":"max-video-preview:-1"},"canonical":"https:\/\/www.jackie-stayfit.pl\/index.php\/produkt\/skakanka-2\/","og_locale":"pl_PL","og_type":"article","og_title":"Skakanka - Jakie Stayfit","og_description":"Skakanka JACKIE na pewno spe\u0142ni Pa\u0144stwa wymagania. Dzi\u0119ki odpowiednio doci\u0105\u017conym r\u0105czkom o wadze 320 g bardzo dobrze czu\u0107 uchwyt.","og_url":"https:\/\/www.jackie-stayfit.pl\/index.php\/produkt\/skakanka-2\/","og_site_name":"Jakie Stayfit","article_modified_time":"2023-11-22T11:34:17+00:00","og_image":[{"width":1000,"height":1000,"url":"https:\/\/www.jackie-stayfit.pl\/wp-content\/uploads\/2023\/06\/Jackiestayfit-Skakanka.jpg","type":"image\/jpeg"}],"twitter_card":"summary_large_image","twitter_misc":{"Szacowany czas czytania":"1 minuta"},"schema":{"@context":"https:\/\/schema.org","@graph":[{"@type":"WebPage","@id":"https:\/\/www.jackie-stayfit.pl\/index.php\/produkt\/skakanka-2\/","url":"https:\/\/www.jackie-stayfit.pl\/index.php\/produkt\/skakanka-2\/","name":"Skakanka - Jakie Stayfit","isPartOf":{"@id":"https:\/\/www.jackie-stayfit.pl\/#website"},"primaryImageOfPage":{"@id":"https:\/\/www.jackie-stayfit.pl\/index.php\/produkt\/skakanka-2\/#primaryimage"},"image":{"@id":"https:\/\/www.jackie-stayfit.pl\/index.php\/produkt\/skakanka-2\/#primaryimage"},"thumbnailUrl":"https:\/\/www.jackie-stayfit.pl\/wp-content\/uploads\/2023\/06\/Jackiestayfit-Skakanka.jpg","datePublished":"2023-06-06T08:53:37+00:00","dateModified":"2023-11-22T11:34:17+00:00","description":"Skakanka JACKIE na pewno spe\u0142ni Pa\u0144stwa wymagania. Dzi\u0119ki odpowiednio doci\u0105\u017conym r\u0105czkom o wadze 320 g bardzo dobrze czu\u0107 uchwyt.","breadcrumb":{"@id":"https:\/\/www.jackie-stayfit.pl\/index.php\/produkt\/skakanka-2\/#breadcrumb"},"inLanguage":"pl-PL","potentialAction":[{"@type":"ReadAction","target":["https:\/\/www.jackie-stayfit.pl\/index.php\/produkt\/skakanka-2\/"]}]},{"@type":"ImageObject","inLanguage":"pl-PL","@id":"https:\/\/www.jackie-stayfit.pl\/index.php\/produkt\/skakanka-2\/#primaryimage","url":"https:\/\/www.jackie-stayfit.pl\/wp-content\/uploads\/2023\/06\/Jackiestayfit-Skakanka.jpg","contentUrl":"https:\/\/www.jackie-stayfit.pl\/wp-content\/uploads\/2023\/06\/Jackiestayfit-Skakanka.jpg","width":1000,"height":1000},{"@type":"BreadcrumbList","@id":"https:\/\/www.jackie-stayfit.pl\/index.php\/produkt\/skakanka-2\/#breadcrumb","itemListElement":[{"@type":"ListItem","position":1,"name":"Strona g\u0142\u00f3wna","item":"https:\/\/www.jackie-stayfit.pl\/index.php\/home-2\/"},{"@type":"ListItem","position":2,"name":"Shop","item":"https:\/\/www.jackie-stayfit.pl\/index.php\/shop\/"},{"@type":"ListItem","position":3,"name":"Skakanka"}]},{"@type":"WebSite","@id":"https:\/\/www.jackie-stayfit.pl\/#website","url":"https:\/\/www.jackie-stayfit.pl\/","name":"Jakie Stayfit","description":"Asortyment dla aktywnych i trenuj\u0105cych os\u00f3b.","potentialAction":[{"@type":"SearchAction","target":{"@type":"EntryPoint","urlTemplate":"https:\/\/www.jackie-stayfit.pl\/?s={search_term_string}"},"query-input":{"@type":"PropertyValueSpecification","valueRequired":true,"valueName":"search_term_string"}}],"inLanguage":"pl-PL"}]}},"_links":{"self":[{"href":"https:\/\/www.jackie-stayfit.pl\/index.php\/wp-json\/wp\/v2\/product\/39","targetHints":{"allow":["GET"]}}],"collection":[{"href":"https:\/\/www.jackie-stayfit.pl\/index.php\/wp-json\/wp\/v2\/product"}],"about":[{"href":"https:\/\/www.jackie-stayfit.pl\/index.php\/wp-json\/wp\/v2\/types\/product"}],"replies":[{"embeddable":true,"href":"https:\/\/www.jackie-stayfit.pl\/index.php\/wp-json\/wp\/v2\/comments?post=39"}],"wp:featuredmedia":[{"embeddable":true,"href":"https:\/\/www.jackie-stayfit.pl\/index.php\/wp-json\/wp\/v2\/media\/40"}],"wp:attachment":[{"href":"https:\/\/www.jackie-stayfit.pl\/index.php\/wp-json\/wp\/v2\/media?parent=39"}],"wp:term":[{"taxonomy":"product_cat","embeddable":true,"href":"https:\/\/www.jackie-stayfit.pl\/index.php\/wp-json\/wp\/v2\/product_cat?post=39"},{"taxonomy":"product_tag","embeddable":true,"href":"https:\/\/www.jackie-stayfit.pl\/index.php\/wp-json\/wp\/v2\/product_tag?post=39"}],"curies":[{"name":"wp","href":"https:\/\/api.w.org\/{rel}","templated":true}]}}